r = q + -4. Let u(k) = 3*k. Calculate u(r).
12
Let h(w) = w - 3. Suppose 4*k + 3*z = 3, 3*k - 4*k + 9 = -2*z. Suppose -25 = -8*y + k*y. Suppose -y*v - 2 = -32. Calculate h(v).
3
Let f = 35 - 29. Suppose 0 = f*r - r + 30. Let l(o) = -o**2 - 4*o + 4. Determine l(r).
-8
Suppose -o - 4*s = o - 18, -2*o = 5*s - 21. Suppose 3*f - 31 = -2*r, 3*f - 34 = -o*r + 2. Let t(l) = f - 5*l + 6 - 3 + 4*l. Give t(7).
3
Let r(z) = -2*z**2 - 2*z - 2. Let a(c) = -4*c**2 - c. Let s(n) = 2*a(n) - 3*r(n). What is s(6)?
-42
Let a(j) = 2*j - 1. Let r = -59 + 26. Let m be -1*(r - -3)/(-3). Let q = 14 + m. Calculate a(q).
7
Let l(c) be the third derivative of c**8/1120 + c**7/1260 - c**6/360 + c**5/120 - 5*c**4/6 - 3*c**2. Let j(b) be the second derivative of l(b). Give j(1).
7
Suppose -h = -6*h - 20. Let s(q) = -7*q**2 + 4*q + 5. Let v(u) = -53*u**2 + 30*u + 35. Let z(d) = 15*s(d) - 2*v(d). Give z(h).
21
Let g be -3 - -7 - 10/5. Suppose -b - 4*s - g = 0, 3 - 1 = 2*b + 2*s. Let d(f) = -36*f**2 + 19*f**2 + 5*f + b + 16*f**2. Give d(3).
8
Let i(z) = -z + 2. Suppose c = 26 - 20. Give i(c).
-4
Let z(m) = -m**3 + 12*m**2 + 43*m + 28. Let a be z(15). Let w(k) = -3*k + 12*k - 6*k. Determine w(a).
-6
Let t(u) = -5*u**3 - 41*u**2 - 3*u - u**3 + 38*u**2 + 5*u**3. Determine t(-3).
9
Let r(f) = f**3 - 157*f**2 - 11 - 9*f - 2*f**3 + 0*f + 72*f**2 + 77*f**2. Give r(-7).
3
Let b(u) = 2*u + 8. Let p be -3 - ((-4 - -5) + -8). Suppose 0 = -5*m + m + p*d - 8, 0 = -4*m - d - 28. Calculate b(m).
-4
Let r = -530 + 533. Let o(j) be the second derivative of 0 - 1/3*j**r - 1/20*j**5 + 8*j - j**2 - 1/6*j**4. What is o(-2)?
2
Let b(u) = -11*u - 13. Suppose 3*p + 4*r - 2 = 0, -19*p - r = -18*p. Determine b(p).
9
Suppose -7*i + 116 = -11*i. Let c be (58/(-4) + 1)*-2. Let u = c + i. Let k(w) = w**3 + 2*w**2 + 3*w. Determine k(u).
-6
Let s(y) = -11*y + 3. Let l(i) = 26*i - 7. Let v(p) = 4*l(p) + 10*s(p). What is v(-6)?
38
Let v(m) = -27*m**3 + 2*m**2 + m. Let z(u) = u. Let n be z(1). Suppose 5*s + 4 = s + d, -5*d = s + n. Give v(s).
28
Suppose -2*x - 15 = -9. Let y(p) = -p**3 - 2*p - 3. Let w(k) = 5*k**3 + k**2 + 8*k + 12. Let j(f) = -2*w(f) - 9*y(f). Determine j(x).
6
Let y(w) be the second derivative of w**7/840 + w**6/720 - w**4/6 + 3*w. Let z(k) be the third derivative of y(k). What is z(1)?
4
Let m(t) = 3*t - 6. Suppose 0 = -8*y + 24 + 56. Suppose f + y = 3*f. Determine m(f).
9
Let n be -2 + 2 - 8/(-4). Let x(s) = 12*s**2 - 4*s + 1 - 13*s**n - 5. Suppose -8 = 2*a, -5*l = -a + 4*a + 37. What is x(l)?
-9
Let o(y) be the third derivative of -1/360*y**6 + 0*y**3 + 1/8*y**4 + 0*y - y**2 + 7/120*y**5 + 0. Let t(g) be the second derivative of o(g). Give t(-6).
19
Let t(k) = -2*k + 1. Suppose 4*p - 4*g = -8 - 16, 0 = -3*p - g - 10. Let w(i) = i**3 + 2*i**2 - 2*i. Let o be w(p). Let f = -20 - o. Calculate t(f).
-7
Let i(a) = a**3 - a**2 - 8*a + 15. Let u(k) = k**2 - k + 1. Let q(l) = -i(l) + 6*u(l). What is q(7)?
5
Let b(m) = m + 12. Let r be b(-9). Let g(v) = -v**2 + 13 + v + 6*v**2 - r*v**2 - v**2. Let s(f) = f + 6. Let j be s(-6). Give g(j).
13
Let h(a) be the third derivative of a**7/2520 + a**6/144 + a**5/20 - 5*a**4/24 + 2*a**2. Let s(v) be the second derivative of h(v). Calculate s(-5).
6
Let u(s) = -s**2 + 8*s + 4. Let f be u(6). Let n = 14 - f. Let t(a) = 2*a**2 - a - 2. Give t(n).
8
Let v(a) = -3 + 14*a**2 - 6*a**2 - 2*a - a**3 - 5*a. Let y(d) = d**3 - 17*d**2 + 3. Let q be y(17). Suppose q*m = 20 + 1. What is v(m)?
-3
Let l be 1 + (5 - 4)*1. Suppose 2*r + l*g = 20, -2*r + g + 25 = 2*g. Suppose -2*b + 9 = -3*h, h = -3*b + 6*h + r. Let p(n) = -n - 8. Calculate p(b).
-8
Let t(f) be the second derivative of -f**5/60 - 2*f**3 - f**2/2 - 8*f. Let c(g) be the first derivative of t(g). Determine c(0).
-12
Let i = 5 - 0. Let h(d) = d**2 - 11*d + 9*d + 0*d**2 + 6 + i*d. Give h(-4).
10
Let t(k) be the third derivative of -k**5/30 - 2*k**4/3 - 17*k**3/6 - 616*k**2. Give t(-1).
-3
Let h(s) = -s + 5. Let j be h(5). Let f = 26 - 8. Let o(d) = 8 - 3*d**3 - f + 3*d**3 - d**3. Determine o(j).
-10
Let p(q) be the second derivative of q**5/20 - 2*q**4/3 + 3*q**3/2 - 15*q**2/2 - 15*q - 5. What is p(7)?
-1
Let n be 40/19 - (-5)/((-1520)/32). Let c(l) be the second derivative of 2/3*l**3 + 0 + 2*l**n + 3*l. Calculate c(-3).
-8
Let r(l) = -l**2 - l - 3. Let v(p) = p**2 - 7*p + 17. Let c(u) = 2*r(u) + v(u). What is c(-8)?
19
Let d(f) be the third derivative of -f**6/120 + 7*f**5/60 + 3*f**4/8 + 5*f**3/3 + 22*f**2. Calculate d(8).
18
Let r = -355 - -357. Let y(z) be the first derivative of -8*z - 9/2*z**r - 1/3*z**3 - 4. Determine y(-6).
10
Let c(a) be the third derivative of 1/20*a**6 - 5*a**2 + 0 - 1/30*a**5 - 1/6*a**3 - 1/12*a**4 + 0*a. Let v(r) = -r**3. Let s(o) = -c(o) - 5*v(o). What is s(2)?
5
Let h(b) = b**3 - 4*b**2 + 2*b - 6. Suppose 3*k + 10 = -t + 6*t, -k - 1 = -4*t. Let f be (0 - t) + 57/19. Give h(f).
2
Let d(w) = 2*w**3 + 2*w**2 - 709 - 3*w**2 - 3*w + 2*w + 707. Let n be 1/1 + 1/1. Give d(n).
8
Let p(n) = n**2 + 6*n + 8. Let x(i) = 17*i - 1. Let c be x(-1). Let q be (48/14)/2*7. Let j = q + c. What is p(j)?
8
Let r(o) = -12*o + 69. Suppose 0 = 4*k - 2*m - 34, 0 = -111*k + 114*k - 2*m - 28. Determine r(k).
-3
Let x(f) = -f + 3. Let y be x(5). Let p(t) be the third derivative of 7*t**4/12 + t**3/3 - 5*t**2 - 86. Determine p(y).
-26
Let b(m) be the third derivative of m**4/8 + 2*m**3/3 + 11*m**2 - 2. What is b(4)?
16
Let h(d) = -8*d**2 - 4*d**2 - 5 + 19*d**2 + 13*d - 6*d**2. What is h(-11)?
-27
Let y be 10/25 - 376/40. Let q(v) = -2*v - 14. Determine q(y).
4
Let y = -258 - -262. Let g(n) = -n**2 + 4*n + 2. Calculate g(y).
2
Let c be (-4)/38 - (-708)/228. Let r(b) = -b + 4. Calculate r(c).
1
Let y(c) = -16*c + 7. Let n(i) = -15*i + 6. Suppose 6*h = 13 - 43. Let s(l) = h*y(l) + 6*n(l). Suppose 0 = 4*f - 2*f + 2*o + 6, -o = 2*f + 4. Give s(f).
11
Suppose 3*z = -6 + 3. Let i(c) = -772*c + 1 + 772*c + 4*c**3 - 2 - 6*c**3. What is i(z)?
1
Let c(y) = -77 + 2*y + 3*y + 74. Determine c(3).
12
Let m(n) be the third derivative of n**5/60 + n**4/4 - 2*n**3/3 - n**2. Let c = -267 - -271. Suppose -8 - 20 = c*y. What is m(y)?
3
Suppose -2*v - 2*v - 3 = w, 5*w + v - 61 = 0. Suppose 0 = 3*z - w + 1. Let c(p) = -z*p + 2*p + 3 - 2*p. What is c(3)?
-9
Let a be -2 - (112/4)/(-7). Let v(o) = -4*o**2 + o + 3. Calculate v(a).
-11
Let b(g) = g**3 - 4*g**2 - 6*g. Suppose -k = -3*o + 1, 60*k - 3*o = 57*k + 9. What is b(k)?
-5
Let w(x) be the third derivative of 0 + 3/2*x**3 + 7/24*x**4 - 1/60*x**5 - 20*x**2 + 0*x. Calculate w(7).
9
Let u(g) = -54*g**2 + 12*g + 59. Let t(y) = 19*y**2 - 4*y - 20. Let a(p) = 17*t(p) + 6*u(p). What is a(6)?
2
Let j be 5*(21/15 - 2). Let b(x) = 5*x**3 - 3*x**2 + 350 + 5*x - 347 - 7*x**3 + x**3. Determine b(j).
-12
Let o(v) = 7*v**3 - v**2 - 8*v + 9. Let z(n) = 13*n**3 - 2*n**2 - 15*n + 17. Let p(k) = -11*o(k) + 6*z(k). Calculate p(3).
15
Let y(r) = r**2 + 24*r + 1. Let w be -8*(-2 + 2 - -3). Calculate y(w).
1
Let h(k) = -12*k - 41. Let a(u) = 13*u + 47. Let q(y) = 8*a(y) + 9*h(y). Suppose 4*n - 3*v - 32 = 0, 0 = -2*n + 4*v - v + 22. Determine q(n).
-13
Let z(v) = v**2 + 3*v + 3. Let j(a) = 3*a + 1. Let o(l) = -3*j(l) + 2*z(l). Calculate o(2).
5
Suppose 3*i = 4*y - 18, 5*i - 18 = 8*i - 5*y. Let t(z) = -z**2 - 5*z + 3. Calculate t(i).
-3
Let u(r) = -2*r**2 + 11*r - 4. Let v(s) be the third derivative of s**5/60 - s**4/4 + s**3/3 + 2*s**2. Let f(i) = -3*u(i) - 5*v(i). What is f(4)?
6
Let r be (-22)/55 - 53/5. Let b = r + 11. Suppose b = -d - 4*d - 25. Let k(w) = -w**2 - 6*w - 2. Calculate k(d).
3
Suppose 1 = -0*o + 3*o - 5*g, 3*g - 12 = 0. Suppose -4*f + o*f = 33. Let s(x) = f*x**2 + 5 - x**2 + 3*x - x**3 - 3*x. Calculate s(10).
5
Let x(a) = a**2 + a - 4. Let g be x(-3). Suppose 0 = c + c - 5*b - 7, g*b + 4 = 2*c. Let r(n) = 6*n**3 - n**2. Give r(c).
5
Let s(f) = -f**3 - f**2 + 2*f. Suppose -5*g - 2 + 0 = -2*y, 5*y + 2*g - 34 = 0. Suppose -y*n = -3*n - 9. Suppose -4 = -t + n*t. Calculate s(t).
0
Let t(r) be the third derivative of r**4/24 + 21*r**2. Let o(f) = -2*f. Let n = -19 + 13. Let w(k) = n*o(k) - 13*t(k). Determine w(0).
0
Let o be ((-114)/(-19))/(-1 - (-2 - -2)). Let f(h) = -3*h - 16. What is f(o)?
2
Let j(b) = -b**2 - 5*b - 4. Let y = 3027 + -3031. Calculate j(y).
0
Let f(h) = -5*h. Let p be f(-1